and 1950?
650
What is the highest common divisor of 8 and 5147944?
8
Calculate the greatest common divisor of 12502 and 190.
38
What is the greatest common factor of 34007 and 62?
31
Calculate the highest common divisor of 109 and 231407.
109
Calculate the greatest common factor of 12772 and 3100.
124
What is the highest common divisor of 33915 and 3360?
105
What is the greatest common factor of 102 and 2221203?
51
What is the highest common factor of 20339 and 215?
43
What is the highest common divisor of 1298 and 200541?
649
What is the greatest common factor of 585 and 14313?
39
What is the highest common factor of 65 and 2615?
5
What is the greatest common divisor of 58 and 2147363?
29
Calculate the greatest common divisor of 146 and 4100702.
146
What is the highest common factor of 1133 and 1892?
11
Calculate the greatest common factor of 96 and 39392.
32
Calculate the greatest common factor of 8649 and 98208.
279
Calculate the greatest common divisor of 170 and 374.
34
What is the greatest common factor of 6204 and 691020?
132
Calculate the highest common divisor of 87023 and 17.
17
Calculate the greatest common divisor of 3670 and 50.
10
What is the highest common factor of 280 and 18280?
40
Calculate the highest common factor of 12779 and 199549.
983
What is the highest common factor of 295 and 92765?
5
What is the highest common divisor of 78 and 151398?
78
What is the highest common factor of 999 and 4884?
111
Calculate the greatest common divisor of 16 and 926240.
16
Calculate the highest common divisor of 168 and 762936.
24
Calculate the greatest common factor of 6062 and 26586.
14
What is the greatest common divisor of 10500 and 2275?
175
What is the highest common factor of 2466 and 18990?
18
Calculate the highest common divisor of 2058 and 364.
14
Calculate the greatest common factor of 297228 and 34.
34
Calculate the greatest common factor of 2514624 and 24.
24
What is the greatest common factor of 29144 and 184?
8
Calculate the highest common factor of 725 and 7875.
25
Calculate the highest common divisor of 75 and 20955.
15
Calculate the greatest common divisor of 2160 and 29680.
80
What is the greatest common divisor of 174468 and 62?
62
Calculate the greatest common divisor of 15264 and 119304.
72
Calculate the greatest common factor of 34659 and 234.
9
What is the greatest common divisor of 888030 and 690?
690
Calculate the highest common divisor of 336710 and 550.
110
Calculate the highest common factor of 472528 and 112.
112
Calculate the greatest common factor of 36 and 373707.
9
What is the highest common divisor of 122738 and 3985?
797
What is the highest common factor of 76115 and 143?
13
What is the greatest common factor of 3684478 and 357?
119
What is the highest common divisor of 729 and 230121?
243
What is the highest common divisor of 21538 and 22?
22
Calculate the greatest common divisor of 165035 and 715.
65
What is the highest common factor of 340 and 290020?
340
Calculate the greatest common factor of 5833 and 12445.
19
Calculate the highest common factor of 2795 and 256022.
559
What is the greatest common divisor of 57 and 153482?
19
What is the greatest common divisor of 1580 and 1036796?
316
What is the greatest common divisor of 59 and 54221?
59
What is the highest common factor of 480 and 1813920?
480
Calculate the greatest common factor of 238 and 82178.
34
What is the highest common divisor of 3034 and 83558?
82
What is the greatest common divisor of 6522 and 54?
6
Calculate the highest common divisor of 109239 and 1833.
39
What is the greatest common divisor of 693 and 196623?
63
What is the highest common divisor of 1412424 and 312?
312
Calculate the greatest common factor of 2120 and 1632135.
265
Calculate the highest common factor of 432938 and 242.
242
What is the greatest common factor of 18 and 822678?
6
What is the greatest common factor of 6128 and 6352?
16
Calculate the greatest common factor of 3725 and 19668.
149
Calculate the highest common factor of 855 and 670860.
45
What is the highest common divisor of 336 and 18480?
336
Calculate the highest common divisor of 69525 and 75.
75
What is the greatest common factor of 4230 and 126405?
45
What is the greatest common divisor of 23 and 5742226?
23
Calculate the greatest common divisor of 295 and 35695.
295
What is the greatest common factor of 131900 and 220?
20
What is the greatest common factor of 3216 and 352?
16
Calculate the greatest common divisor of 312 and 222872.
104
What is the greatest common divisor of 85 and 7855?
5
What is the highest common divisor of 1598 and 99452?
94
Calculate the greatest common factor of 414 and 183678.
138
What is the highest common divisor of 42723 and 47268?
909
What is the greatest common factor of 63104 and 37961?
493
Calculate the highest common factor of 130 and 395369.
13
What is the highest common divisor of 1616 and 22784?
16
What is the greatest common factor of 75482 and 3630?
22
Calculate the highest common factor of 5 and 123270.
5
Calculate the greatest common factor of 188 and 1344388.
188
Calculate the greatest common factor of 2256 and 22184.
376
What is the greatest common divisor of 2673770 and 5?
5
Calculate the highest common divisor of 400 and 107104.
16
Calculate the greatest common factor of 26890 and 1070.
10
What is the greatest common divisor of 558 and 1122975?
279
Calculate the highest common factor of 7940 and 15040.
20
What is the highest common divisor of 179130 and 126?
42
What is the greatest common factor of 68 and 4318?
34
What is the highest common divisor of 306306 and 81991?
1547
What is the highest common divisor of 8 and 835672?
8
Calculate the highest common factor of 5978 and 3172.
122
Calculate the highest common factor of 3515 and 319295.
95
Calculate the greatest common divisor of 61174 and 2190.
146
What is the greatest common divisor of 1740096 and 795?
159
What is the highest common factor of 12357 and 7146?
9
Calculate the highest common divisor of 327 and 310759.
109
What is the greatest common divisor of 106356 and 204?
12
Calculate the greatest common factor of 141764 and 42.
14
What is the highest common divisor of 287637 and 21?
21
What is the greatest common factor of 7196 and 29428?
28
What is the highest common divisor of 612 and 355266?
306
Calculate the highest common factor of 23229 and 4176.
261
What is the greatest common divisor of 14679 and 551278?
1631
Calculate the highest common factor of 396 and 31548.
132
What is the highest common divisor of 140705 and 1070?
535
What is the greatest common factor of 40920 and 24?
24
Calculate the highest common divisor of 1043389 and 73.
73
Calculate the highest common divisor of 1218 and 20937.
21
What is the highest common factor of 305306 and 2930?
586
Calculate the greatest common factor of 253084 and 16956.
628
What is the greatest common divisor of 9846 and 45?
9
What is the greatest common divisor of 591840 and 160?
160
Calculate the highest common factor of 65232 and 2052.
108
What is the highest common divisor of 5264 and 127746?
94
What is the greatest common divisor of 16 and 157696?
16
What is the highest common factor of 34061 and 1?
1
What is the greatest common factor of 390 and 29289?
39
Calculate the greatest common divisor of 7097 and 17063.
151
What is the greatest common factor of 854432 and 32?
32
What is the greatest common divisor of 673373 and 157?
157
What is the highest common divisor of 5120 and 45?
5
What is the greatest common factor of 1568 and 648?
8
Calculate the greatest common divisor of 6004 and 3040.
76
Calculate the greatest common factor of 820 and 14940.
20
Calculate the greatest common factor of 68610 and 450.
30
Calculate the greatest common divisor of 21 and 564.
3
What is the highest common divisor of 5415 and 4815?
15
What is the greatest common divisor of 26800 and 3752?
536
Calculate the greatest common factor of 30316 and 34892.
572
What is the greatest common divisor of 676 and 3484?
52
Calculate the highest common factor of 738 and 1952.
2
What is the greatest common divisor of 804951 and 189?
189
What is the greatest common divisor of 896 and 25004?
28
Calculate the greatest common divisor of 288 and 758304.
288
Calculate the greatest common divi